{"id":67123,"date":"2023-10-20T16:00:55","date_gmt":"2023-10-20T16:00:55","guid":{"rendered":"https:\/\/www.switcho.it\/blog\/?page_id=67123"},"modified":"2024-01-17T10:48:29","modified_gmt":"2024-01-17T10:48:29","slug":"come-disdire-assicurazione","status":"publish","type":"page","link":"https:\/\/www.switcho.it\/blog\/assicurazioni\/come-disdire-assicurazione\/","title":{"rendered":"Come disdire l\u2019assicurazione di auto e moto facilmente"},"content":{"rendered":"\n<p>Non sai <strong>come disdire l\u2019assicurazione della tua auto o della tua moto<\/strong>? Non temere, per farlo ti baster\u00e0 leggere questa guida, dove te lo spiegheremo semplicemente e brevemente.<\/p>\n\n\n\n<p>Nell&#8217;ultimo paragrafo di questa guida troverai anche le informazioni dettagliate su come richiedere la disdetta dalle principali compagnie assicurative.<\/p>\n\n\n\n<div class=\"wp-block-divi-layout\">[et_pb_section fb_built=&#8221;1&#8243; disabled_on=&#8221;on|on|off&#8221; admin_label=&#8221;section&#8221; module_class=&#8221;hide-on-mobile&#8221; _builder_version=&#8221;4.27.4&#8243; custom_padding=&#8221;0px||0px||false|false&#8221; global_colors_info=&#8221;{}&#8221;][et_pb_row admin_label=&#8221;row&#8221; _builder_version=&#8221;4.19.1&#8243; background_size=&#8221;initial&#8221; background_position=&#8221;top_left&#8221; background_repeat=&#8221;repeat&#8221; width=&#8221;100%&#8221; max_height=&#8221;1000px&#8221; global_colors_info=&#8221;{}&#8221;][et_pb_column type=&#8221;4_4&#8243; _builder_version=&#8221;4.18.0&#8243; _module_preset=&#8221;default&#8221; global_colors_info=&#8221;{}&#8221;][et_pb_image src=&#8221;https:\/\/www.switcho.it\/blog\/wp-content\/uploads\/2025\/01\/new-banner-cta-insurance-top-desktop.png&#8221; alt=&#8221;calcola i preventivi&#8221; title_text=&#8221;new banner cta insurance top mobile&#8221; url=&#8221;https:\/\/www.switcho.it\/servizi\/assicurazioni?ref=cta-assicurazione-top&#8221; align=&#8221;center&#8221; force_fullwidth=&#8221;on&#8221; src_tablet=&#8221;&#8221; src_phone=&#8221;&#8221; src_last_edited=&#8221;on|phone&#8221; disabled_on=&#8221;off|off|off&#8221; _builder_version=&#8221;4.27.4&#8243; _module_preset=&#8221;default&#8221; hover_enabled=&#8221;0&#8243; global_colors_info=&#8221;{}&#8221; sticky_enabled=&#8221;0&#8243;][\/et_pb_image][\/et_pb_column][\/et_pb_row][\/et_pb_section]<\/div>\n\n\n\n<div style=\"height:20px\" aria-hidden=\"true\" class=\"wp-block-spacer\"><\/div>\n\n\n\n<p>Indice:<\/p>\n\n\n\n<ul class=\"wp-block-list\">\n<li><a href=\"#cosa-assicurazione\">Cos\u2019\u00e8 e a cosa serve l\u2019assicurazione?<\/a><\/li>\n\n\n\n<li><a href=\"#casi\">In quali casi si pu\u00f2 disdire l\u2019assicurazione di un veicolo?<\/a><\/li>\n\n\n\n<li><a href=\"#come\">Come disdire l\u2019assicurazione di un veicolo?<\/a><\/li>\n\n\n\n<li><a href=\"#info\">Informazioni aggiuntive<\/a><\/li>\n<\/ul>\n\n\n\n<div style=\"height:40px\" aria-hidden=\"true\" class=\"wp-block-spacer\"><\/div>\n\n\n\n<h2 class=\"wp-block-heading\" id=\"cosa-assicurazione\"><span style=\"color: revert;\">Cos\u2019\u00e8 e a cosa serve l\u2019assicurazione?<\/span><\/h2>\n\n\n\n<div style=\"height:20px\" aria-hidden=\"true\" class=\"wp-block-spacer\"><\/div>\n\n\n\n<p>L\u2019RCA serve a tutelarti in caso di danni materiali e fisici in caso di sinistri. Il che vuol dire che in caso di incidente con colpa (anche parziale) non sarai tu a dover risarcire i danni all\u2019altra persona ma sar\u00e0 la tua assicurazione a coprire le spese. <strong>Per circolare sulla strada \u00e8 obbligatorio averla<\/strong>, in modo tale da tutelare te e gli altri in caso di danni materiali e fisici in caso di incidenti (in gergo, <em>sinistri stradali<\/em>).<\/p>\n\n\n\n<p><strong>L&#8217;assicurazione dell\u2019auto dura dodici mesi<\/strong> e oggi, a differenza di alcuni anni fa, non \u00e8 pi\u00f9 valido il rinnovo automatico. Quindi, allo scadere del contratto, devi scegliere se:<\/p>\n\n\n\n<ul class=\"wp-block-list\">\n<li><strong>Rinnovare<\/strong> l\u2019RCA con la tua assicurazione;<\/li>\n\n\n\n<li><strong>Cambiare compagnia assicurativa<\/strong> (in questo caso ti ricordiamo che puoi per confrontare diversi preventivi, <a href=\"https:\/\/www.switcho.it\/servizi\/assicurazioni\">prova subito<\/a>).<\/li>\n<\/ul>\n\n\n\n<p>Inoltre, dobbiamo sottolineare che il rinnovo automatico \u00e8 stato eliminato solo per l\u2019RCA (ovvero l\u2019assicurazione obbligatoria base) ma <strong>\u00e8 ancora valido per le garanzie accessorie <\/strong>(come ad esempio la polizza KASKO) <strong>stipulate con un contratto distinto, autonomo e non contestuale a quello della RCA<\/strong>.<\/p>\n\n\n\n<p>In parole povere, se il tuo contratto RCA include anche le garanzie accessorie, queste scadono dopo 12 mesi, se invece le hai sottoscritte con un contratto separato, queste verranno<strong> rinnovate tacitamente<\/strong> a meno che tu non le disdica entro 60 giorni dalla scadenza del contratto.<\/p>\n\n\n\n<div style=\"height:20px\" aria-hidden=\"true\" class=\"wp-block-spacer\"><\/div>\n\n\n\n<p class=\"has-background\" style=\"background-color:#f7f8fa\">\u27a1\ufe0f Se fino al 2023 <strong>era possibile non sottoscrivere<\/strong> un\u2019altra assicurazione e parcheggiare il veicolo in uno spazio privato in cui non rischiasse di provocare danni, ora ci\u00f2 non \u00e8 pi\u00f9 consentito. Il decreto legislativo n. 184 del 22\/11\/2023, infatti, stabilisce che \u00e8 necessaria una copertura RC <strong>anche per i veicoli parcheggiati su suolo privato.<\/strong><\/p>\n\n\n\n<div style=\"height:40px\" aria-hidden=\"true\" class=\"wp-block-spacer\"><\/div>\n\n\n\n<h2 class=\"wp-block-heading\" id=\"casi\">In quali casi si pu\u00f2 disdire l\u2019assicurazione di un veicolo?<\/h2>\n\n\n\n<div style=\"height:20px\" aria-hidden=\"true\" class=\"wp-block-spacer\"><\/div>\n\n\n\n<p>Come gi\u00e0 detto, l\u2019assicurazione della tua auto o della tua moto viene <strong>disdetta automaticamente alla scadenza<\/strong> dei 12 mesi e, come gi\u00e0 ribadito, non pu\u00f2 essere rinnovata tacitamente. Quindi, dopo 1 anno, hai la possibilit\u00e0 di cambiare o confermare compagnia assicurativa.<\/p>\n\n\n\n<p>Se invece non vuoi aspettare la scadenza, devi sapere che non si tratta pi\u00f9 di disdetta ma di recesso anticipato, che prevede il pagamento di una penale.<\/p>\n\n\n\n<p>Tuttavia, esistono <strong>casi<\/strong> in cui puoi disdire anticipatamente la tua polizza <strong>senza il pagamento di una penale<\/strong>. Tra questi, vi sono:<\/p>\n\n\n\n<ul class=\"wp-block-list\">\n<li>Furto, incendio e distruzione del veicolo;<\/li>\n\n\n\n<li>Rottamazione o vendita del veicolo;<\/li>\n\n\n\n<li>Decesso dell\u2019intestatario.<\/li>\n<\/ul>\n\n\n\n<p>Infine, dobbiamo aggiungere che esiste anche il <strong>diritto di ripensamento<\/strong> per le polizze RCA di <strong>durata superiore a 6 mesi stipulate online<\/strong> (ovvero, fuori dai locali della compagnia assicuratrice). In questi casi, hai a disposizione 14 giorni dalla stipula per comunicare alla compagnia che hai cambiato idea.<\/p>\n\n\n\n<div style=\"height:40px\" aria-hidden=\"true\" class=\"wp-block-spacer\"><\/div>\n\n\n\n<h2 class=\"wp-block-heading\" id=\"come\">Come disdire l\u2019assicurazione di un veicolo?<\/h2>\n\n\n\n<div style=\"height:20px\" aria-hidden=\"true\" class=\"wp-block-spacer\"><\/div>\n\n\n\n<p>Nei casi di <strong>furto, incendio, distruzione o rottamazione del veicolo<\/strong>, puoi richiedere la disdetta dell\u2019assicurazione prima della scadenza presentando<strong> <\/strong>la<strong> documentazione che comprovi l\u2019effettiva inutilizzabilit\u00e0 del veicolo<\/strong>. Sar\u00e0 quindi necessario inviare, ad esempio, la denuncia di furto o il certificato di rottamazione, in genere tramite raccomandata A\/R o PEC.<\/p>\n\n\n\n<p>Nel caso di <strong>decesso dell\u2019intestatario<\/strong> del veicolo, dovrai inviare una raccomandata A\/R o una PEC allegando il certificato di morte dell&#8217;intestatario.<\/p>\n\n\n\n<p>Per avvalerti del <strong>diritto di ripensamento<\/strong>, invece dovrai seguire i seguenti passaggi:<\/p>\n\n\n\n<ul class=\"wp-block-list\">\n<li>Comunicare alla compagnia che vuoi avvalerti del diritto di ripensamento;<\/li>\n\n\n\n<li>Inviare una raccomandata in cui dichiari che non si sono verificati sinistri tra il giorno della stipula ed i il giorno della disdetta;<\/li>\n\n\n\n<li>Inviare con una raccomandata i documenti originali che avevi ricevuto dall\u2019assicurazione.<\/li>\n<\/ul>\n\n\n\n<div style=\"height:40px\" aria-hidden=\"true\" class=\"wp-block-spacer\"><\/div>\n\n\n\n<h2 class=\"wp-block-heading\" id=\"info\">Informazioni aggiuntive<\/h2>\n\n\n\n<div style=\"height:20px\" aria-hidden=\"true\" class=\"wp-block-spacer\"><\/div>\n\n\n\n<ul class=\"wp-block-list\">\n<li>Se vuoi disdire la tua assicurazione perch\u00e9 hai venduto o ceduto il tuo veicolo, puoi:\n<ul class=\"wp-block-list\">\n<li><strong>Trasferire la polizza ad un altro veicolo<\/strong>, intestato sempre all\u2019intestatario della polizza. In questo caso potresti dover integrare il costo del premio;<\/li>\n\n\n\n<li><strong>Disdire la polizza senza penale&nbsp;<\/strong> e ottenere il rimborso della quota residua (calcolata sui giorni rimanenti);<\/li>\n\n\n\n<li><strong>Trasferire<\/strong> <strong>la<\/strong> <strong>polizza<\/strong> <strong>al<\/strong> <strong>nuovo<\/strong> <strong>proprietario<\/strong> e ottenere il rimborso della quota residua che verr\u00e0 pagata dal nuovo intestatario.<\/li>\n<\/ul>\n<\/li>\n\n\n\n<li><strong>Ti consigliamo, inoltre, di leggere sempre molto attentamente il contratto della polizza<\/strong> prima di sottoscriverla, per evitare brutte sorprese.<\/li>\n\n\n\n<li>La polizza ha scadenza annuale (salvo diversi accordi) ma vogliamo ricordarti che esiste l\u2019<strong>ultrattivit\u00e0 della polizza<\/strong>, che implica la validit\u00e0 della tua assicurazione per 15 giorni dopo la scadenza del contratto, solo su suolo italiano.<\/li>\n<\/ul>\n\n\n\n<div style=\"height:40px\" aria-hidden=\"true\" class=\"wp-block-spacer\"><\/div>\n\n\n\n<h2 class=\"wp-block-heading\"><strong>Tutti gli articoli a tema disdetta assicurativa<\/strong><\/h2>\n\n\n\n<div style=\"height:20px\" aria-hidden=\"true\" class=\"wp-block-spacer\"><\/div>\n\n\n\n<div class=\"wp-block-group has-background is-layout-constrained wp-block-group-is-layout-constrained\" style=\"background-color:#f7f8fa\"><ul class=\"wp-block-latest-posts__list emoji_bullets emoji_hand_right wp-block-latest-posts\"><li><a class=\"wp-block-latest-posts__post-title\" href=\"https:\/\/www.switcho.it\/blog\/assicurazioni\/come-disdire-quixa\/\">Come disdire facilmente la tua assicurazione Quixa<\/a><\/li>\n<li><a class=\"wp-block-latest-posts__post-title\" href=\"https:\/\/www.switcho.it\/blog\/assicurazioni\/come-disdire-zurich\/\">Come disdire la tua assicurazione Zurich in pochi passi<\/a><\/li>\n<li><a class=\"wp-block-latest-posts__post-title\" href=\"https:\/\/www.switcho.it\/blog\/assicurazioni\/come-disdire-linear\/\">Una guida facile per disdire la tua assicurazione Linear<\/a><\/li>\n<li><a class=\"wp-block-latest-posts__post-title\" href=\"https:\/\/www.switcho.it\/blog\/assicurazioni\/come-disdire-prima\/\">Come disdire facilmente la tua assicurazione Prima<\/a><\/li>\n<li><a class=\"wp-block-latest-posts__post-title\" href=\"https:\/\/www.switcho.it\/blog\/assicurazioni\/come-disdire-genertel\/\">Disdire l\u2019assicurazione Genertel: una guida facile<\/a><\/li>\n<li><a class=\"wp-block-latest-posts__post-title\" href=\"https:\/\/www.switcho.it\/blog\/assicurazioni\/come-disdire-verti\/\">Come disdire facilmente la tua assicurazione Verti<\/a><\/li>\n<li><a class=\"wp-block-latest-posts__post-title\" href=\"https:\/\/www.switcho.it\/blog\/assicurazioni\/come-disdire-allianz\/\">Come disdire facilmente la tua assicurazione Allianz Direct<\/a><\/li>\n<li><a class=\"wp-block-latest-posts__post-title\" href=\"https:\/\/www.switcho.it\/blog\/assicurazioni\/come-disdire-conteit\/\">Disdire la tua assicurazione ConTe.it: una guida facile<\/a><\/li>\n<\/ul><\/div>\n\n\n\n<div style=\"height:40px\" aria-hidden=\"true\" class=\"wp-block-spacer\"><\/div>\n\n\n\n<h2 class=\"wp-block-heading\"><strong>Assicurazioni: gli altri argomenti<\/strong><\/h2>\n\n\n\n<div style=\"height:20px\" aria-hidden=\"true\" class=\"wp-block-spacer\"><\/div>\n\n\n\n<figure class=\"wp-block-table is-style-stripes\"><table class=\"has-fixed-layout\"><tbody><tr><td><a href=\"https:\/\/www.switcho.it\/blog\/assicurazioni\/assicurazione-auto-mensile\/\">Assicurazione a rate<\/a><\/td><td><a href=\"https:\/\/www.switcho.it\/blog\/assicurazioni\/garanzie-accessorie\/\">Garanzie accessorie<\/a><\/td><td><a href=\"https:\/\/www.switcho.it\/blog\/assicurazioni\/glossario-assicurazioni\/\">Glossario assicurativo<\/a><\/td><\/tr><tr><td><a href=\"https:\/\/www.switcho.it\/blog\/assicurazioni\/gestione-veicolo\/\">Gestione veicolo<\/a><\/td><td><a href=\"https:\/\/www.switcho.it\/blog\/assicurazioni\/sinistri-multe\/\">Sinistri e multe<\/a><\/td><td><\/td><\/tr><\/tbody><\/table><\/figure>\n\n\n\n<div style=\"height:40px\" aria-hidden=\"true\" class=\"wp-block-spacer\"><\/div>\n\n\n\n<h2 class=\"wp-block-heading\"><strong>Compagnie assicurative<\/strong><\/h2>\n\n\n\n<figure class=\"wp-block-gallery has-nested-images columns-6 is-cropped gallery-box-shadow-none wp-block-gallery-1 is-layout-flex wp-block-gallery-is-layout-flex\">\n<figure class=\"wp-block-image size-large\"><a href=\"https:\/\/www.switcho.it\/blog\/assicurazioni\/quixa\/\"><img decoding=\"async\" data-id=\"28409\" src=\"https:\/\/www.switcho.it\/blog\/wp-content\/uploads\/2025\/02\/quixa-new-logo.png\" alt=\"Quixa\" class=\"wp-image-28409\"\/><\/a><\/figure>\n\n\n\n<figure class=\"wp-block-image size-large\"><a href=\"https:\/\/www.switcho.it\/blog\/assicurazioni\/linear\/\"><img loading=\"lazy\" decoding=\"async\" width=\"300\" height=\"200\" data-id=\"28400\" src=\"https:\/\/www.switcho.it\/blog\/wp-content\/uploads\/2023\/01\/linear_gallery.png\" alt=\"Linear\" class=\"wp-image-28400\"\/><\/a><\/figure>\n\n\n\n<figure class=\"wp-block-image size-large\"><a href=\"https:\/\/www.switcho.it\/blog\/assicurazioni\/allianz-direct\/\"><img loading=\"lazy\" decoding=\"async\" width=\"300\" height=\"200\" data-id=\"28376\" src=\"https:\/\/www.switcho.it\/blog\/wp-content\/uploads\/2023\/01\/allianz_direct_gallery.png\" alt=\"Allianz Direct\" class=\"wp-image-28376\"\/><\/a><\/figure>\n\n\n\n<figure class=\"wp-block-image size-large\"><a href=\"https:\/\/www.switcho.it\/blog\/assicurazioni\/genertel\/\"><img loading=\"lazy\" decoding=\"async\" width=\"300\" height=\"200\" data-id=\"28385\" src=\"https:\/\/www.switcho.it\/blog\/wp-content\/uploads\/2023\/01\/genertel_gallery.png\" alt=\"Genertel\" class=\"wp-image-28385\"\/><\/a><\/figure>\n\n\n\n<figure class=\"wp-block-image size-large\"><a href=\"https:\/\/www.switcho.it\/blog\/assicurazioni\/verti\/\"><img loading=\"lazy\" decoding=\"async\" width=\"300\" height=\"200\" data-id=\"28418\" src=\"https:\/\/www.switcho.it\/blog\/wp-content\/uploads\/2023\/01\/verti_gallery.png\" alt=\"Verti\" class=\"wp-image-28418\"\/><\/a><\/figure>\n\n\n\n<figure class=\"wp-block-image size-large\"><a href=\"https:\/\/www.switcho.it\/blog\/assicurazioni\/zurich-connect\/\"><img loading=\"lazy\" decoding=\"async\" width=\"300\" height=\"200\" data-id=\"28433\" src=\"https:\/\/www.switcho.it\/blog\/wp-content\/uploads\/2023\/01\/zurich_connect_gallery.png\" alt=\"Zurich Connect\" class=\"wp-image-28433\"\/><\/a><\/figure>\n<\/figure>\n\n\n\n<div style=\"height:80px\" aria-hidden=\"true\" class=\"wp-block-spacer\"><\/div>\n","protected":false},"excerpt":{"rendered":"<p>Vuoi disdire l&#8217;assicurazione della tua auto o della tua moto ma non sai come procedere? Questa guida ti spiegher\u00e0 tutto!<\/p>\n","protected":false},"author":23,"featured_media":4483,"parent":66826,"menu_order":0,"comment_status":"closed","ping_status":"closed","template":"","meta":{"_et_pb_use_builder":"off","_et_pb_old_content":"","_et_gb_content_width":"","_lmt_disableupdate":"yes","_lmt_disable":"","footnotes":""},"class_list":["post-67123","page","type-page","status-publish","has-post-thumbnail","hentry"],"yoast_head":"<!-- This site is optimized with the Yoast SEO plugin v27.2 - https:\/\/yoast.com\/product\/yoast-seo-wordpress\/ -->\n<title>Come disdire l\u2019assicurazione di auto e moto facilmente - Switcho<\/title>\n<meta name=\"description\" content=\"Vuoi disdire l&#039;assicurazione della tua auto o della tua moto ma non sai come procedere? Questa guida ti spiegher\u00e0 tutto!\" \/>\n<meta name=\"robots\" content=\"index, follow, max-snippet:-1, max-image-preview:large, max-video-preview:-1\" \/>\n<link rel=\"canonical\" href=\"https:\/\/www.switcho.it\/blog\/assicurazioni\/come-disdire-assicurazione\/\" \/>\n<meta property=\"og:locale\" content=\"it_IT\" \/>\n<meta property=\"og:type\" content=\"article\" \/>\n<meta property=\"og:title\" content=\"Come disdire l\u2019assicurazione di auto e moto facilmente - Switcho\" \/>\n<meta property=\"og:description\" content=\"Vuoi disdire l&#039;assicurazione della tua auto o della tua moto ma non sai come procedere? Questa guida ti spiegher\u00e0 tutto!\" \/>\n<meta property=\"og:url\" content=\"https:\/\/www.switcho.it\/blog\/assicurazioni\/come-disdire-assicurazione\/\" \/>\n<meta property=\"og:site_name\" content=\"Switcho\" \/>\n<meta property=\"article:modified_time\" content=\"2024-01-17T10:48:29+00:00\" \/>\n<meta property=\"og:image\" content=\"https:\/\/www.switcho.it\/blog\/wp-content\/uploads\/2021\/11\/disdire-assicurazione-rca.png\" \/>\n\t<meta property=\"og:image:width\" content=\"900\" \/>\n\t<meta property=\"og:image:height\" content=\"600\" \/>\n\t<meta property=\"og:image:type\" content=\"image\/png\" \/>\n<meta name=\"twitter:card\" content=\"summary_large_image\" \/>\n<meta name=\"twitter:label1\" content=\"Tempo di lettura stimato\" \/>\n\t<meta name=\"twitter:data1\" content=\"6 minuti\" \/>\n<script type=\"application\/ld+json\" class=\"yoast-schema-graph\">{\"@context\":\"https:\/\/schema.org\",\"@graph\":[{\"@type\":\"WebPage\",\"@id\":\"https:\/\/www.switcho.it\/blog\/assicurazioni\/come-disdire-assicurazione\/\",\"url\":\"https:\/\/www.switcho.it\/blog\/assicurazioni\/come-disdire-assicurazione\/\",\"name\":\"Come disdire l\u2019assicurazione di auto e moto facilmente - Switcho\",\"isPartOf\":{\"@id\":\"https:\/\/www.switcho.it\/blog\/#website\"},\"primaryImageOfPage\":{\"@id\":\"https:\/\/www.switcho.it\/blog\/assicurazioni\/come-disdire-assicurazione\/#primaryimage\"},\"image\":{\"@id\":\"https:\/\/www.switcho.it\/blog\/assicurazioni\/come-disdire-assicurazione\/#primaryimage\"},\"thumbnailUrl\":\"https:\/\/www.switcho.it\/blog\/wp-content\/uploads\/2021\/11\/disdire-assicurazione-rca.png\",\"datePublished\":\"2023-10-20T16:00:55+00:00\",\"dateModified\":\"2024-01-17T10:48:29+00:00\",\"description\":\"Vuoi disdire l'assicurazione della tua auto o della tua moto ma non sai come procedere? Questa guida ti spiegher\u00e0 tutto!\",\"breadcrumb\":{\"@id\":\"https:\/\/www.switcho.it\/blog\/assicurazioni\/come-disdire-assicurazione\/#breadcrumb\"},\"inLanguage\":\"it-IT\",\"potentialAction\":[{\"@type\":\"ReadAction\",\"target\":[\"https:\/\/www.switcho.it\/blog\/assicurazioni\/come-disdire-assicurazione\/\"]}]},{\"@type\":\"ImageObject\",\"inLanguage\":\"it-IT\",\"@id\":\"https:\/\/www.switcho.it\/blog\/assicurazioni\/come-disdire-assicurazione\/#primaryimage\",\"url\":\"https:\/\/www.switcho.it\/blog\/wp-content\/uploads\/2021\/11\/disdire-assicurazione-rca.png\",\"contentUrl\":\"https:\/\/www.switcho.it\/blog\/wp-content\/uploads\/2021\/11\/disdire-assicurazione-rca.png\",\"width\":900,\"height\":600,\"caption\":\"disdire assicurazione auto moto\"},{\"@type\":\"BreadcrumbList\",\"@id\":\"https:\/\/www.switcho.it\/blog\/assicurazioni\/come-disdire-assicurazione\/#breadcrumb\",\"itemListElement\":[{\"@type\":\"ListItem\",\"position\":1,\"name\":\"Home\",\"item\":\"https:\/\/www.switcho.it\/blog\/\"},{\"@type\":\"ListItem\",\"position\":2,\"name\":\"Assicurazione online in pochi clic: calcola i preventivi per veicoli, casa e animali\",\"item\":\"https:\/\/www.switcho.it\/blog\/risorse\/assicurazioni\/\"},{\"@type\":\"ListItem\",\"position\":3,\"name\":\"Come disdire l\u2019assicurazione di auto e moto facilmente\"}]},{\"@type\":\"WebSite\",\"@id\":\"https:\/\/www.switcho.it\/blog\/#website\",\"url\":\"https:\/\/www.switcho.it\/blog\/\",\"name\":\"Switcho\",\"description\":\"Il blog semplice, per davvero.\",\"publisher\":{\"@id\":\"https:\/\/www.switcho.it\/blog\/#organization\"},\"potentialAction\":[{\"@type\":\"SearchAction\",\"target\":{\"@type\":\"EntryPoint\",\"urlTemplate\":\"https:\/\/www.switcho.it\/blog\/?s={search_term_string}\"},\"query-input\":{\"@type\":\"PropertyValueSpecification\",\"valueRequired\":true,\"valueName\":\"search_term_string\"}}],\"inLanguage\":\"it-IT\"},{\"@type\":\"Organization\",\"@id\":\"https:\/\/www.switcho.it\/blog\/#organization\",\"name\":\"Switcho\",\"url\":\"https:\/\/www.switcho.it\/blog\/\",\"logo\":{\"@type\":\"ImageObject\",\"inLanguage\":\"it-IT\",\"@id\":\"https:\/\/www.switcho.it\/blog\/#\/schema\/logo\/image\/\",\"url\":\"https:\/\/www.switcho.it\/blog\/wp-content\/uploads\/2021\/03\/Switcho-Logotype-Green.png\",\"contentUrl\":\"https:\/\/www.switcho.it\/blog\/wp-content\/uploads\/2021\/03\/Switcho-Logotype-Green.png\",\"width\":1507,\"height\":597,\"caption\":\"Switcho\"},\"image\":{\"@id\":\"https:\/\/www.switcho.it\/blog\/#\/schema\/logo\/image\/\"}}]}<\/script>\n<!-- \/ Yoast SEO plugin. -->","yoast_head_json":{"title":"Come disdire l\u2019assicurazione di auto e moto facilmente - Switcho","description":"Vuoi disdire l'assicurazione della tua auto o della tua moto ma non sai come procedere? Questa guida ti spiegher\u00e0 tutto!","robots":{"index":"index","follow":"follow","max-snippet":"max-snippet:-1","max-image-preview":"max-image-preview:large","max-video-preview":"max-video-preview:-1"},"canonical":"https:\/\/www.switcho.it\/blog\/assicurazioni\/come-disdire-assicurazione\/","og_locale":"it_IT","og_type":"article","og_title":"Come disdire l\u2019assicurazione di auto e moto facilmente - Switcho","og_description":"Vuoi disdire l'assicurazione della tua auto o della tua moto ma non sai come procedere? Questa guida ti spiegher\u00e0 tutto!","og_url":"https:\/\/www.switcho.it\/blog\/assicurazioni\/come-disdire-assicurazione\/","og_site_name":"Switcho","article_modified_time":"2024-01-17T10:48:29+00:00","og_image":[{"width":900,"height":600,"url":"https:\/\/www.switcho.it\/blog\/wp-content\/uploads\/2021\/11\/disdire-assicurazione-rca.png","type":"image\/png"}],"twitter_card":"summary_large_image","twitter_misc":{"Tempo di lettura stimato":"6 minuti"},"schema":{"@context":"https:\/\/schema.org","@graph":[{"@type":"WebPage","@id":"https:\/\/www.switcho.it\/blog\/assicurazioni\/come-disdire-assicurazione\/","url":"https:\/\/www.switcho.it\/blog\/assicurazioni\/come-disdire-assicurazione\/","name":"Come disdire l\u2019assicurazione di auto e moto facilmente - Switcho","isPartOf":{"@id":"https:\/\/www.switcho.it\/blog\/#website"},"primaryImageOfPage":{"@id":"https:\/\/www.switcho.it\/blog\/assicurazioni\/come-disdire-assicurazione\/#primaryimage"},"image":{"@id":"https:\/\/www.switcho.it\/blog\/assicurazioni\/come-disdire-assicurazione\/#primaryimage"},"thumbnailUrl":"https:\/\/www.switcho.it\/blog\/wp-content\/uploads\/2021\/11\/disdire-assicurazione-rca.png","datePublished":"2023-10-20T16:00:55+00:00","dateModified":"2024-01-17T10:48:29+00:00","description":"Vuoi disdire l'assicurazione della tua auto o della tua moto ma non sai come procedere? Questa guida ti spiegher\u00e0 tutto!","breadcrumb":{"@id":"https:\/\/www.switcho.it\/blog\/assicurazioni\/come-disdire-assicurazione\/#breadcrumb"},"inLanguage":"it-IT","potentialAction":[{"@type":"ReadAction","target":["https:\/\/www.switcho.it\/blog\/assicurazioni\/come-disdire-assicurazione\/"]}]},{"@type":"ImageObject","inLanguage":"it-IT","@id":"https:\/\/www.switcho.it\/blog\/assicurazioni\/come-disdire-assicurazione\/#primaryimage","url":"https:\/\/www.switcho.it\/blog\/wp-content\/uploads\/2021\/11\/disdire-assicurazione-rca.png","contentUrl":"https:\/\/www.switcho.it\/blog\/wp-content\/uploads\/2021\/11\/disdire-assicurazione-rca.png","width":900,"height":600,"caption":"disdire assicurazione auto moto"},{"@type":"BreadcrumbList","@id":"https:\/\/www.switcho.it\/blog\/assicurazioni\/come-disdire-assicurazione\/#breadcrumb","itemListElement":[{"@type":"ListItem","position":1,"name":"Home","item":"https:\/\/www.switcho.it\/blog\/"},{"@type":"ListItem","position":2,"name":"Assicurazione online in pochi clic: calcola i preventivi per veicoli, casa e animali","item":"https:\/\/www.switcho.it\/blog\/risorse\/assicurazioni\/"},{"@type":"ListItem","position":3,"name":"Come disdire l\u2019assicurazione di auto e moto facilmente"}]},{"@type":"WebSite","@id":"https:\/\/www.switcho.it\/blog\/#website","url":"https:\/\/www.switcho.it\/blog\/","name":"Switcho","description":"Il blog semplice, per davvero.","publisher":{"@id":"https:\/\/www.switcho.it\/blog\/#organization"},"potentialAction":[{"@type":"SearchAction","target":{"@type":"EntryPoint","urlTemplate":"https:\/\/www.switcho.it\/blog\/?s={search_term_string}"},"query-input":{"@type":"PropertyValueSpecification","valueRequired":true,"valueName":"search_term_string"}}],"inLanguage":"it-IT"},{"@type":"Organization","@id":"https:\/\/www.switcho.it\/blog\/#organization","name":"Switcho","url":"https:\/\/www.switcho.it\/blog\/","logo":{"@type":"ImageObject","inLanguage":"it-IT","@id":"https:\/\/www.switcho.it\/blog\/#\/schema\/logo\/image\/","url":"https:\/\/www.switcho.it\/blog\/wp-content\/uploads\/2021\/03\/Switcho-Logotype-Green.png","contentUrl":"https:\/\/www.switcho.it\/blog\/wp-content\/uploads\/2021\/03\/Switcho-Logotype-Green.png","width":1507,"height":597,"caption":"Switcho"},"image":{"@id":"https:\/\/www.switcho.it\/blog\/#\/schema\/logo\/image\/"}}]}},"_links":{"self":[{"href":"https:\/\/www.switcho.it\/blog\/wp-json\/wp\/v2\/pages\/67123","targetHints":{"allow":["GET"]}}],"collection":[{"href":"https:\/\/www.switcho.it\/blog\/wp-json\/wp\/v2\/pages"}],"about":[{"href":"https:\/\/www.switcho.it\/blog\/wp-json\/wp\/v2\/types\/page"}],"author":[{"embeddable":true,"href":"https:\/\/www.switcho.it\/blog\/wp-json\/wp\/v2\/users\/23"}],"replies":[{"embeddable":true,"href":"https:\/\/www.switcho.it\/blog\/wp-json\/wp\/v2\/comments?post=67123"}],"version-history":[{"count":5,"href":"https:\/\/www.switcho.it\/blog\/wp-json\/wp\/v2\/pages\/67123\/revisions"}],"predecessor-version":[{"id":137208,"href":"https:\/\/www.switcho.it\/blog\/wp-json\/wp\/v2\/pages\/67123\/revisions\/137208"}],"up":[{"embeddable":true,"href":"https:\/\/www.switcho.it\/blog\/wp-json\/wp\/v2\/pages\/66826"}],"wp:featuredmedia":[{"embeddable":true,"href":"https:\/\/www.switcho.it\/blog\/wp-json\/wp\/v2\/media\/4483"}],"wp:attachment":[{"href":"https:\/\/www.switcho.it\/blog\/wp-json\/wp\/v2\/media?parent=67123"}],"curies":[{"name":"wp","href":"https:\/\/api.w.org\/{rel}","templated":true}]}}